{"id":340,"date":"2016-04-01T17:47:27","date_gmt":"2016-04-01T17:47:27","guid":{"rendered":"http:\/\/linkandocomale.com\/novo\/?page_id=340"},"modified":"2016-04-06T14:02:32","modified_gmt":"2016-04-06T14:02:32","slug":"letras-musicais","status":"publish","type":"page","link":"http:\/\/linkandocomale.com\/novo\/letras-musicais\/","title":{"rendered":"Letras de  M\u00fasicas"},"content":{"rendered":"<p>A m\u00fasica nos possibilita viagens incr\u00edveis, ela nos faz voltar no tempo. Procurei registrar aqui algumas letras que me recordam a inf\u00e2ncia, a juventude. Com algumas dessas letras fa\u00e7o um link direto com meus pais, os movimentos estudantis, f\u00e9rias, amores, serenatas onde minha cunhada tocava viol\u00e3o, amigos, os irm\u00e3os e com os sobrinhos quando crian\u00e7as. Todas elas de alguma forma me trazem lembran\u00e7as.<\/p>\n<p>&nbsp;<\/p>\n","protected":false},"excerpt":{"rendered":"<p>A m\u00fasica nos possibilita viagens incr\u00edveis, ela nos faz voltar no tempo. Procurei registrar aqui algumas letras que me recordam a inf\u00e2ncia, a juventude. Com algumas dessas letras fa\u00e7o um link direto com meus pais, os movimentos estudantis, f\u00e9rias, amores, &hellip; <a href=\"http:\/\/linkandocomale.com\/novo\/letras-musicais\/\">leia mais<\/a><\/p>\n","protected":false},"author":1,"featured_media":0,"parent":0,"menu_order":0,"comment_status":"open","ping_status":"open","template":"page-blog-grid.php","meta":[],"_links":{"self":[{"href":"http:\/\/linkandocomale.com\/novo\/wp-json\/wp\/v2\/pages\/340"}],"collection":[{"href":"http:\/\/linkandocomale.com\/novo\/wp-json\/wp\/v2\/pages"}],"about":[{"href":"http:\/\/linkandocomale.com\/novo\/wp-json\/wp\/v2\/types\/page"}],"author":[{"embeddable":true,"href":"http:\/\/linkandocomale.com\/novo\/wp-json\/wp\/v2\/users\/1"}],"replies":[{"embeddable":true,"href":"http:\/\/linkandocomale.com\/novo\/wp-json\/wp\/v2\/comments?post=340"}],"version-history":[{"count":3,"href":"http:\/\/linkandocomale.com\/novo\/wp-json\/wp\/v2\/pages\/340\/revisions"}],"predecessor-version":[{"id":375,"href":"http:\/\/linkandocomale.com\/novo\/wp-json\/wp\/v2\/pages\/340\/revisions\/375"}],"wp:attachment":[{"href":"http:\/\/linkandocomale.com\/novo\/wp-json\/wp\/v2\/media?parent=340"}],"curies":[{"name":"wp","href":"https:\/\/api.w.org\/{rel}","templated":true}]}}