{"id":328,"date":"2016-04-01T17:34:24","date_gmt":"2016-04-01T17:34:24","guid":{"rendered":"http:\/\/linkandocomale.com\/novo\/?page_id=328"},"modified":"2016-05-05T00:13:09","modified_gmt":"2016-05-05T00:13:09","slug":"poesias","status":"publish","type":"page","link":"http:\/\/linkandocomale.com\/novo\/poesias\/","title":{"rendered":"Poesias"},"content":{"rendered":"<table border=\"0\" width=\"99%\" cellspacing=\"2\" cellpadding=\"0\">\n<tbody>\n<tr>\n<td class=\"textogeral\" colspan=\"2\" height=\"252\">\n<div align=\"center\">&#8220;De tudo ficam tr\u00eas coisas&#8230;<br \/>\n&#8211; A certeza de que estamos come\u00e7ando&#8230;<br \/>\n&#8211; A certeza de que \u00e9 preciso continuar&#8230;<br \/>\n&#8211; A certeza de que podemos ser<br \/>\ninterrompidos antes de terminar&#8230;<br \/>\nFa\u00e7amos, da interrup\u00e7\u00e3o um caminho novo&#8230;<br \/>\nDa queda, um passo de dan\u00e7a&#8230;<br \/>\nDo medo, uma escada&#8230;<br \/>\nDo sonho, uma ponte&#8230;<br \/>\nDa procura, um encontro!&#8221;<br \/>\nFernando Sabino<\/div>\n<\/td>\n<\/tr>\n<tr>\n<td class=\"textogeral\" colspan=\"2\" height=\"252\">Assim como a m\u00fasica a poesia me remete a pessoas, locais, e tamb\u00e9m fa\u00e7o v\u00e1rias associa\u00e7\u00f5es. Elaborei esta p\u00e1gina com poesias que remetem \u00e0 minha juventude, minha m\u00e3e e a um tio muito querido que desencarnou aos 93 anos em outubro de 2008. Ele naquela idade recitava como se fosse um mantra um trecho da poesia Can\u00e7\u00e3o de Tamoio de Gon\u00e7alves Dias:<br \/>\n&#8220;Viver \u00e9 lutar.<br \/>\nA vida \u00e9 combate,<br \/>\nQue os fracos abate,<br \/>\nQue os fortes, os bravos<br \/>\nS\u00f3 pode exaltar.&#8221;Transcrevo poemas de Casimiro de Abreu, Cec\u00edlia Meireles, Fernando Pessoa,Gon\u00e7alves Dias, Julio Salusse, Mario Quintana, Olavo Bilac, Padre Antonio Thomaz,Raimundo Correia e Vinicius de Moraes.<br \/>\nTamb\u00e9m apresento algumas poesias da minha cunhada Maria Helena de Magalh\u00e3es Dourado que \u00e9 professora e poetisa tendo inclusive um livro publicado que \u00e9 : Brincando com Poesia Crian\u00e7as de ontem, hoje e amanh\u00e3 e tamb\u00e9m poesias publicadas em conjunto com outros poetas em colet\u00e2neas.&nbsp;<\/p>\n<p>&nbsp;<\/td>\n<\/tr>\n<\/tbody>\n<\/table>\n","protected":false},"excerpt":{"rendered":"<p>&#8220;De tudo ficam tr\u00eas coisas&#8230; &#8211; A certeza de que estamos come\u00e7ando&#8230; &#8211; A certeza de que \u00e9 preciso continuar&#8230; &#8211; A certeza de que podemos ser interrompidos antes de terminar&#8230; Fa\u00e7amos, da interrup\u00e7\u00e3o um caminho novo&#8230; Da queda, um &hellip; <a href=\"http:\/\/linkandocomale.com\/novo\/poesias\/\">leia mais<\/a><\/p>\n","protected":false},"author":1,"featured_media":0,"parent":0,"menu_order":0,"comment_status":"open","ping_status":"open","template":"page-blog-grid.php","meta":[],"_links":{"self":[{"href":"http:\/\/linkandocomale.com\/novo\/wp-json\/wp\/v2\/pages\/328"}],"collection":[{"href":"http:\/\/linkandocomale.com\/novo\/wp-json\/wp\/v2\/pages"}],"about":[{"href":"http:\/\/linkandocomale.com\/novo\/wp-json\/wp\/v2\/types\/page"}],"author":[{"embeddable":true,"href":"http:\/\/linkandocomale.com\/novo\/wp-json\/wp\/v2\/users\/1"}],"replies":[{"embeddable":true,"href":"http:\/\/linkandocomale.com\/novo\/wp-json\/wp\/v2\/comments?post=328"}],"version-history":[{"count":5,"href":"http:\/\/linkandocomale.com\/novo\/wp-json\/wp\/v2\/pages\/328\/revisions"}],"predecessor-version":[{"id":458,"href":"http:\/\/linkandocomale.com\/novo\/wp-json\/wp\/v2\/pages\/328\/revisions\/458"}],"wp:attachment":[{"href":"http:\/\/linkandocomale.com\/novo\/wp-json\/wp\/v2\/media?parent=328"}],"curies":[{"name":"wp","href":"https:\/\/api.w.org\/{rel}","templated":true}]}}

<table border="0" width="99%" cellspacing="2" cellpadding="0">
<tbody>
<tr>
<td class="textogeral" colspan="2" height="252">
<div align="center">&#8220;De tudo ficam três coisas&#8230;<br />
&#8211; A certeza de que estamos começando&#8230;<br />
&#8211; A certeza de que é preciso continuar&#8230;<br />
&#8211; A certeza de que podemos ser<br />
interrompidos antes de terminar&#8230;<br />
Façamos, da interrupção um caminho novo&#8230;<br />
Da queda, um passo de dança&#8230;<br />
Do medo, uma escada&#8230;<br />
Do sonho, uma ponte&#8230;<br />
Da procura, um encontro!&#8221;<br />
Fernando Sabino</div>
</td>
</tr>
<tr>
<td class="textogeral" colspan="2" height="252">Assim como a música a poesia me remete a pessoas, locais, e também faço várias associações. Elaborei esta página com poesias que remetem à minha juventude, minha mãe e a um tio muito querido que desencarnou aos 93 anos em outubro de 2008. Ele naquela idade recitava como se fosse um mantra um trecho da poesia Canção de Tamoio de Gonçalves Dias:<br />
&#8220;Viver é lutar.<br />
A vida é combate,<br />
Que os fracos abate,<br />
Que os fortes, os bravos<br />
Só pode exaltar.&#8221;Transcrevo poemas de Casimiro de Abreu, Cecília Meireles, Fernando Pessoa,Gonçalves Dias, Julio Salusse, Mario Quintana, Olavo Bilac, Padre Antonio Thomaz,Raimundo Correia e Vinicius de Moraes.<br />
Também apresento algumas poesias da minha cunhada Maria Helena de Magalhães Dourado que é professora e poetisa tendo inclusive um livro publicado que é : Brincando com Poesia Crianças de ontem, hoje e amanhã e também poesias publicadas em conjunto com outros poetas em coletâneas.&nbsp;</p>
<p>&nbsp;</td>
</tr>
</tbody>
</table>

<p>&#8220;De tudo ficam três coisas&#8230; &#8211; A certeza de que estamos começando&#8230; &#8211; A certeza de que é preciso continuar&#8230; &#8211; A certeza de que podemos ser interrompidos antes de terminar&#8230; Façamos, da interrupção um caminho novo&#8230; Da queda, um &hellip; <a href="http://linkandocomale.com/novo/poesias/">leia mais</a></p>
